s the hundreds digit of 175116?
1
What is the units digit of 176453?
3
What is the millions digit of 10553515?
0
What is the hundred thousands digit of 5242888?
2
What is the units digit of 2340325?
5
What is the hundred thousands digit of 968571?
9
What is the ten thousands digit of 998615?
9
What is the hundreds digit of 184792?
7
What is the ten thousands digit of 501054?
0
What is the ten thousands digit of 622598?
2
What is the millions digit of 1828567?
1
What is the units digit of 4373442?
2
What is the ten thousands digit of 2765602?
6
What is the units digit of 106447?
7
What is the units digit of 35890092?
2
What is the hundreds digit of 912622?
6
What is the ten thousands digit of 75969?
7
What is the units digit of 190638?
8
What is the units digit of 190443?
3
What is the units digit of 350051?
1
What is the ten millions digit of 13528019?
1
What is the hundreds digit of 236630?
6
What is the units digit of 3663270?
0
What is the hundreds digit of 12204155?
1
What is the units digit of 3339980?
0
What is the ten thousands digit of 214607?
1
What is the hundreds digit of 398370?
3
What is the ten thousands digit of 1467078?
6
What is the hundreds digit of 2499015?
0
What is the ten thousands digit of 18439269?
3
What is the thousands digit of 611782?
1
What is the hundreds digit of 519617?
6
What is the thousands digit of 1303544?
3
What is the millions digit of 3881007?
3
What is the thousands digit of 143726?
3
What is the tens digit of 332350?
5
What is the units digit of 899477?
7
What is the units digit of 162306?
6
What is the units digit of 253886?
6
What is the hundreds digit of 220780?
7
What is the units digit of 4434922?
2
What is the units digit of 614749?
9
What is the thousands digit of 3486208?
6
What is the hundreds digit of 1147332?
3
What is the units digit of 2169458?
8
What is the hundreds digit of 1998009?
0
What is the units digit of 10365690?
0
What is the tens digit of 3338815?
1
What is the millions digit of 1020528?
1
What is the hundreds digit of 2805847?
8
What is the tens digit of 772530?
3
What is the thousands digit of 1202063?
2
What is the ten millions digit of 26308472?
2
What is the tens digit of 596029?
2
What is the ten thousands digit of 652296?
5
What is the millions digit of 4244344?
4
What is the tens digit of 1782296?
9
What is the thousands digit of 801827?
1
What is the thousands digit of 211214?
1
What is the thousands digit of 2061610?
1
What is the hundred thousands digit of 279490?
2
What is the hundred thousands digit of 1889865?
8
What is the ten thousands digit of 46305?
4
What is the hundred thousands digit of 810476?
8
What is the hundred thousands digit of 113102?
1
What is the millions digit of 6542384?
6
What is the hundred thousands digit of 2087793?
0
What is the thousands digit of 1122597?
2
What is the thousands digit of 1389604?
9
What is the ten thousands digit of 9402077?
0
What is the ten thousands digit of 248482?
4
What is the units digit of 10703?
3
What is the thousands digit of 400732?
0
What is the hundreds digit of 45695?
6
What is the hundred thousands digit of 5720808?
7
What is the tens digit of 796163?
6
What is the thousands digit of 299254?
9
What is the units digit of 7787057?
7
What is the thousands digit of 107143?
7
What is the hundreds digit of 8838444?
4
What is the hundred thousands digit of 866266?
8
What is the units digit of 356059?
9
What is the thousands digit of 17077915?
7
What is the thousands digit of 195922?
5
What is the hundreds digit of 19126149?
1
What is the ten thousands digit of 232739?
3
What is the ten millions digit of 16125533?
1
What is the units digit of 77687?
7
What is the thousands digit of 329905?
9
What is the thousands digit of 218146?
8
What is the hundred thousands digit of 3185553?
1
What is the thousands digit of 2254906?
4
What is the millions digit of 8701955?
8
What is the thousands digit of 178925?
8
What is the tens digit of 38813274?
7
What is the hundred thousands digit of 12900671?
9
What is the hundreds digit of 389943?
9
What is the units digit of 2774125?
5
What is the thousands digit of 1913022?
3
What is the hundred thousands digit of 1097424?
0
What is the millions digit of 1144963?
1
What is the hundreds digit of 29901560?
5
What is the hundred thousands digit of 193252?
1
What is the units digit of 104744?
4
What is the thousands digit of 1006030?
6
What is the ten thousands digit of 314687?
1
What is the ten thousands digit of 1849167?
4
What is the hundreds digit of 1170000?
0
What is the thousands digit of 554055?
4
What is the hundreds digit of 8903589?
5
What is the thousands digit of 607658?
7
What is the units digit of 7175064?
4
What is the ten thousands digit of 187406?
8
What is the ten thousands digit of 445392?
4
What is the hundred thousands digit of 7930917?
9
What is the ten thousands digit of 4749413?
4
What is the hundred thousands digit of 424783?
4
What is the units digit of 65237?
7
What is the ten thousands digit of 446680?
4
What is the ten thousands digit of 79648?
7
What is the ten thousands digit of 1069859?
6
What is the hundred thousands digit of 414421?
4
What is the millions digit of 1663869?
1
What is the tens digit of 47702?
0
What is the hundreds digit of 474171?
1
What is the ten thousands digit of 49710?
4
What is the hundreds digit of 1783027?
0
What is the units digit of 432488?
8
What is the tens digit of 18732544?
4
What is the ten thousands digit of 1379085?
7
What is the tens digit of 65618?
1
What is the hundred thousands digit of 2155450?
1
What is the hundred thousands digit of 2726244?
7
What is the units digit of 7461249?
9
What is the hundreds digit of 245566?
5
What is the thousands digit of 138333?
8
What is the tens digit of 5424265?
6
What is the ten thousands digit of 320714?
2
What is the thousands digit of 1279747?
9
What is the hundreds digit of 1508693?
6
What is the thousands digit of 1608031?
8
What is the ten thousands digit of 8971586?
7
What is the millions digit of 7535364?
7
What is the hundred thousands digit of 161250?
1
What is the millions digit of 2386450?
2
What is the ten thousands digit of 116869?
1
What is the thousands digit of 17360?
7
What is the tens digit of 1260020?
2
What is the hundreds digit of 17491064?
0
What is the hundreds digit of 3731748?
7
What is the hundred thousands digit of 1075700?
0
What is the ten millions digit of 35597599?
3
What is the hundreds digit of 1253218?
2
What is the units digit of 286635?
5
What is the thousands digit of 85713?
5
What is the ten thousands digit of 4984195?
8
What is the hundreds digit of 4157?
1
What is the thousands digit of 611704?
1
What is the ten thousands digit of 72812?
7
What is the thousands digit of 10512936?
2
What is the units digit of 61638?
8
What is the units digit of 10022844?
4
What is the ten thousands digit of 60373?
6
What is the units digit of 21584497?
7
What is the units digit of 532076?
6
What is the thousands digit of 23423675?
3
What is the hundreds digit of 195167?
1
What is the units digit of 3735711?
1
What is the units digit of 554088?
8
What is the units digit of 290987?
7
What is the units digit of 2284286?
6
What is the units digit of 625191?
1
What is the tens digit of 182556?
5
What is the thousands digit of 1641388?
1
What is the thousands digit of 6050123?
0
What is the ten thousands digit of 152957?
5
What is the hundred thousands digit of 10392914?
3
What is the millions digit of 14211210?
4
What is the ten thousands digit of 6211862?
1
What is the hundred thousands digit of 5208483?
2
What is the hundreds digit of 546554?
5
What is the units digit of 4078300?
0
What is the ten thousands digit of 302495?
0
What is the tens digit of 4358400?
0
What is the hundreds digit of 2400217?
2
What is the tens digit of 1914983?
8
What is the hundred thousands digit of 130112?
1
What is the hundred thousands digit of 860969?
8
What is the hundreds digit of 690930?
9
What is the hundreds digit of 378602?
6
What is the units digit of 825604?
4
What is the ten thousands digit of 9229054?
2
What is the hundreds digit of 338486?
4
What is the tens digit of 286297?
9
What is the millions digit of 36392387?
6
What is the ten thousands digit of 60154?
6
Wh